{"id":82964,"date":"2020-03-06T10:21:17","date_gmt":"2020-03-06T09:21:17","guid":{"rendered":"https:\/\/www.paolabasilearchitetti.it\/utxs\/?post_type=portfolio&#038;p=82964"},"modified":"2021-02-23T08:27:06","modified_gmt":"2021-02-23T07:27:06","slug":"residenza-con-giardino-pensile","status":"publish","type":"portfolio","link":"https:\/\/www.paolabasilearchitetti.it\/utxs\/portfolio\/residenza-con-giardino-pensile\/","title":{"rendered":"Appartamento con Giardino pensile"},"content":{"rendered":"","protected":false},"excerpt":{"rendered":"<p>Milano<\/p>\n<hr>\n<p style=\"text-align: justify;\">L\u2019appartamento, ubicato all&#8217;ultimo piano di un palazzo residenziale, \u00e8 caratterizzato da un giardino pensile che abbraccia tutta la casa &#8211; quasi un bosco con alberi, prato, fiori e piccoli animali.<br \/>\nLa veranda-soggiorno \u00e8 il cuore della casa, con ampie vetrate apribili mediante pannelli scorrevoli che portano la vegetazione all&#8217;interno dell\u2019immobile, creando una continuit\u00e0 tra interno ed esterno.<br \/>\nI toni del bosco vengono ripresi negli arredi interni generando una simbiosi tra i differenti ambienti.<br \/>\nAnche lo studio e la camera da letto si aprono sul terrazzo\u2013giardino. Mediante la sapiente integrazione di architettura e vegetazione si \u00e8 creata la possibilit\u00e0 di abitare un giardino anche in piena citt\u00e0.<\/p>\n","protected":false},"author":1,"featured_media":82972,"parent":0,"menu_order":0,"comment_status":"closed","ping_status":"closed","template":"","meta":{"footnotes":""},"portfolio_category":[100],"class_list":["post-82964","portfolio","type-portfolio","status-publish","has-post-thumbnail","hentry","portfolio_category-progetti"],"_links":{"self":[{"href":"https:\/\/www.paolabasilearchitetti.it\/utxs\/wp-json\/wp\/v2\/portfolio\/82964","targetHints":{"allow":["GET"]}}],"collection":[{"href":"https:\/\/www.paolabasilearchitetti.it\/utxs\/wp-json\/wp\/v2\/portfolio"}],"about":[{"href":"https:\/\/www.paolabasilearchitetti.it\/utxs\/wp-json\/wp\/v2\/types\/portfolio"}],"author":[{"embeddable":true,"href":"https:\/\/www.paolabasilearchitetti.it\/utxs\/wp-json\/wp\/v2\/users\/1"}],"replies":[{"embeddable":true,"href":"https:\/\/www.paolabasilearchitetti.it\/utxs\/wp-json\/wp\/v2\/comments?post=82964"}],"version-history":[{"count":0,"href":"https:\/\/www.paolabasilearchitetti.it\/utxs\/wp-json\/wp\/v2\/portfolio\/82964\/revisions"}],"wp:featuredmedia":[{"embeddable":true,"href":"https:\/\/www.paolabasilearchitetti.it\/utxs\/wp-json\/wp\/v2\/media\/82972"}],"wp:attachment":[{"href":"https:\/\/www.paolabasilearchitetti.it\/utxs\/wp-json\/wp\/v2\/media?parent=82964"}],"wp:term":[{"taxonomy":"portfolio_category","embeddable":true,"href":"https:\/\/www.paolabasilearchitetti.it\/utxs\/wp-json\/wp\/v2\/portfolio_category?post=82964"}],"curies":[{"name":"wp","href":"https:\/\/api.w.org\/{rel}","templated":true}]}}

<p>Milano</p>
<hr>
<p style="text-align: justify;">L’appartamento, ubicato all&#8217;ultimo piano di un palazzo residenziale, è caratterizzato da un giardino pensile che abbraccia tutta la casa &#8211; quasi un bosco con alberi, prato, fiori e piccoli animali.<br />
La veranda-soggiorno è il cuore della casa, con ampie vetrate apribili mediante pannelli scorrevoli che portano la vegetazione all&#8217;interno dell’immobile, creando una continuità tra interno ed esterno.<br />
I toni del bosco vengono ripresi negli arredi interni generando una simbiosi tra i differenti ambienti.<br />
Anche lo studio e la camera da letto si aprono sul terrazzo–giardino. Mediante la sapiente integrazione di architettura e vegetazione si è creata la possibilità di abitare un giardino anche in piena città.</p>
